 a(w)?
1
Let w(y) = 2*y + 8. Let q be w(-4). Suppose -2*t + q*t + 1940 = -4*x, 4*x = -2*t + 1956. What is the hundreds digit of t?
9
Let r = -8346 - -16384. What is the hundreds digit of r?
0
Suppose 3*r = -s + 47, s = -2*s + 6. Let h be 6/5*r/6. What is the tens digit of (0 + 125)*(h + -2)?
2
Suppose -3*h - n = -2*h - 7632, -5*h = 4*n - 38162. What is the tens digit of h?
3
Suppose -13*r + 459 - 69 = 0. Let h be 130/8 + 3/(-12). Let n = h + r. What is the units digit of n?
6
Suppose 0 = -4*c - 72 - 32. Let t be c/(-169) - 2/13. Suppose t = -v - v + 120. What is the units digit of v?
0
Let z(q) = 4*q - 7. Let k be z(3). Suppose -r - 6*r = k*r. Suppose r = 8*n - 36 + 4. What is the units digit of n?
4
Suppose 4*o - 1365 = -3*k, -5*o + 5*k + 1155 = -560. Let v = 393 + o. What is the units digit of v?
5
Suppose -4 = -4*u + b - 63, -2*b = 3*u + 36. What is the units digit of (-14)/21*21441/u?
1
What is the units digit of (2683180/(-15))/19*(-4 - -1)?
4
Let b be (-7)/(-21) - (-30)/18. Suppose f = 5*f - b*h - 1212, -1502 = -5*f - 4*h. What is the tens digit of f?
0
Suppose -15*q + 42*q = 41*q - 624358. What is the units digit of q?
7
Suppose -66*g + 362560 = 37*g. What is the thousands digit of g?
3
Let v(k) = 22*k**3 + 5*k**2 + 10*k + 5. Let u(c) = -c**2 - c. Let j(d) = -5*u(d) - v(d). Let h be j(-2). Let b = 10 + h. What is the units digit of b?
1
Let m be 4/42*6*(-28)/(-8). What is the units digit of -270*(21/(-6) + m)?
5
What is the tens digit of 42/(-28)*882714/(-63)?
1
Let y(n) = -3245*n + 380. What is the units digit of y(-2)?
0
Let x(b) = 6*b + 2. Let z(p) = 16*p + 5. Let h(f) = 17*x(f) - 6*z(f). Let i(j) = -j**3 + 4. Let c be i(0). What is the tens digit of h(c)?
2
Suppose f - 2*s + 298 = 0, 0 = 3*f - 4*s - 12 + 914. Let r = -24 - f. What is the units digit of r?
2
Suppose 3*d - 24 = 24. Let m(j) = 9*j - 3 + 4 + 8*j + 3*j**2 + d. What is the tens digit of m(-6)?
2
Let s(p) = -24*p**2 + 45*p**2 - 17*p**2 + 11*p + 8. Let f(o) = 13*o**2 + 33*o + 23. Let r(x) = -2*f(x) + 7*s(x). What is the units digit of r(-7)?
1
Let y be 9/15 + 810264/60. Suppose -9*d + 2920 = -y. What is the hundreds digit of d?
8
What is the thousands digit of ((-1)/(10/(-19534)))/((-41)/(-205))?
9
Let o(f) = -f**3 - 29*f**2 - 122*f - 6. Let m be o(-23). Let u = -726 + 1363. Let a = u + m. What is the units digit of a?
3
Suppose -5*l - 7*m - 4740 = -5*m, -2*l - 1875 = 5*m. What is the hundreds digit of 1/(((-3)/(-18))/(l/(-15)))?
3
Let m(s) = 45*s**2 + 3*s - 2. Let z be m(-5). Let t = 1680 - z. What is the units digit of t?
2
Let m be 32/6 + -3*(-5)/(-45). Suppose 0 = -m*q + 1151 + 1349. What is the tens digit of q?
0
Suppose 0 = -323*s - 354*s + 175*s + 9474748. What is the thousands digit of s?
8
Let v(p) = 65*p**2 + 14*p - 27. Let s be v(9). Suppose -17*x + s + 909 = 0. What is the tens digit of x?
6
Suppose 9*y - 33205 - 671 = 0. Suppose -1882 = -2*o + 2*g, -4*o + 2*g + 0*g = -y. What is the hundreds digit of o?
9
Let q(n) = -n**2 + n + 3. Let z be q(0). Suppose 3*v = -p - 4*p + 1817, z*p - 1071 = 3*v. Suppose 223 = 8*x - p. What is the units digit of x?
3
Let v = -45 - -47. Suppose 0 = v*i + 21*i - 20033. What is the units digit of i?
1
Suppose 3*t = 2*q - 283 + 76, 4*q - 5*t - 411 = 0. Suppose -4*r - 8 = 0, 5*p - r - q = r. Suppose -p*i + 17*i = -100. What is the tens digit of i?
5
What is the tens digit of 12/48*-20 + 6417?
1
Suppose 3*m - 21*j - 32339 = -25*j, 3*j + 53879 = 5*m. What is the hundreds digit of m?
7
Suppose 2*o + 141 = 4*r + o, 5*r + 5*o = 195. What is the hundreds digit of r/66 + (-22815)/(-99)?
2
Let v(i) = 1171*i + 2083. What is the tens digit of v(7)?
8
Let j(a) be the second derivative of 0 + 0*a**2 + 55/6*a**3 - 8*a. What is the tens digit of j(2)?
1
Suppose -4*t - 4*u + 7*u - 31 = 0, u = 2*t + 13. What is the tens digit of (-1 - -5) + t - (-4 + -549)?
5
Let t(y) be the first derivative of -8*y**2 + 11*y - 2. Let j = -119 - -114. What is the tens digit of t(j)?
9
What is the tens digit of 402518886/13216 + (6/(-20))/((-48)/10)?
5
Let t(p) = p**2 + 5*p. Let k be t(-4). Let v be -34*(-3 + 186/k) + -3. Suppose 9*z = -z + v. What is the units digit of z?
8
Let m be ((-1)/(-2))/(-1)*-10. Suppose -t + 443 = 2*x, t + 0 - m = 0. What is the hundreds digit of x?
2
What is the hundreds digit of -28*((-18255)/7 - 11)?
3
Let w(g) = -1129*g - 98. What is the units digit of w(-8)?
4
Suppose 11*o - 21521 = -4053. What is the units digit of o?
8
Let q(r) = -2*r**2 - 3*r - 12*r**2 + 11*r + 1 + r**3 + 30. Let l(p) = 2*p - 14. Let y be l(14). What is the units digit of q(y)?
3
Let b = 36 + -104. Let q = b - -70. Suppose -342 = -w - q*w + 3*h, -3*h - 12 = 0. What is the hundreds digit of w?
1
Let o be 1/(0 - -2) - (-268)/8. Suppose -r = -2*r - 2, -o = -4*v - 5*r. Suppose 0 = -4*l - 4*q + v + 17, -3*q + 29 = 4*l. What is the units digit of l?
8
Suppose 0*r + 5*r - 255 = 0. Let t(x) = 132*x**2 + 98*x + 2. Let q be t(-1). Let v = q + r. What is the tens digit of v?
8
Let y = -62 + 64. Suppose 4*z - z = -4*r + 475, 2*z - 240 = -y*r. Suppose -w = -r - 47. What is the tens digit of w?
6
Let i(n) = -63*n - 131. Let m be i(-9). Suppose 0 = -6*z + 2*z - 4*a + m, -103 = -z + a. What is the tens digit of z?
0
What is the units digit of (-2 + 2 - 1)*247/26*-642?
9
Let o = -54141 - -78926. What is the thousands digit of o?
4
Let s(h) = h**2 + h - 5. Let i be s(-3). Suppose -5*l + l = f + i, l + 3 = -3*f. Suppose l = -p + t + 122, -69 = -p + 2*t + 49. What is the tens digit of p?
2
Suppose 18 = -9*t + 45. Suppose 0 = 4*z - c - t, 0 = 2*z + 2*z - 3*c - 9. Suppose -3*r + 177 = -a - 230, z = 2*r + 2*a - 282. What is the hundreds digit of r?
1
Suppose -19*y - 76*y + 4122525 = 0. What is the ten thousands digit of y?
4
Let s be ((-11949)/14)/((-6)/4). Suppose 4*l + s - 2433 = 0. What is the units digit of l?
6
Suppose t - 2*m - 4296 = 0, -122*m = -5*t - 127*m + 21480. What is the thousands digit of t?
4
Suppose 33343 = 2*c - 5*m, 3*c = 3*m + 74762 - 24761. What is the tens digit of c?
6
Suppose 2*i + 20585 = -5*x, x - 30582 = 4*i + 10621. Let g = -16357 - i. What is the units digit of g/(-81) + (-4)/(-18)?
5
Suppose -w - 4*x + 216 = 0, 2*w - 4*w + 450 = -x. Let s = 647 - w. What is the tens digit of s?
2
Let c(t) = -5*t**2 - 14*t + 6. Let w be c(-6). What is the hundreds digit of (-20180)/w - 6/27?
2
What is the thousands digit of -5 + ((-58)/(-348) - 16925/(-6))?
2
Let p(m) = 10*m**2 - 132*m + 333. What is the hundreds digit of p(35)?
9
Let h be (32/(-64))/((-14)/(-8) + -2). What is the hundreds digit of 9*(-1)/h*4*-8?
1
Let u = 3954 + -3116. What is the hundreds digit of u?
8
Suppose 4*q + 2*h = 4, -2*h + 1 = 6*q - 3*q. Suppose 0 = -n + q*c + 98 + 53, -c + 413 = 3*n. What is the hundreds digit of n?
1
Let a(r) be the first derivative of r**2/2 + 25*r + 14. Let d be a(-13). Let f(p) = -p**2 + 22*p - 10. What is the hundreds digit of f(d)?
1
Let f be (212/(-44) - -5)/(2/22). Suppose 0 = 2*l + f*l + 2*a - 1258, -5*l + a = -1562. What is the tens digit of l?
1
Suppose 10*h + 5619 - 53665 = 50774. What is the units digit of h?
2
Suppose -2*l + 179 + 103 = -4*x, -4*l + 580 = -4*x. What is the units digit of l?
9
Suppose 20*q + 38049 = -16891. Let y = 3884 + q. What is the thousands digit of y?
1
Let w(l) = 3*l**3 - 42*l**2 + 41*l + 41. What is the tens digit of w(22)?
5
What is the tens digit of 671572/(-88)*(2 + -5 + -1)?
2
Let z(m) = m - 319 + 331 + 0*m. Let g be z(-8). Suppose -d = -4*k - 8 - 24, 0 = -g*d - 4*k + 108. What is the units digit of d?
8
Suppose 18*h - 3*f = 14*h + 16, -5*h - 4*f = -20. Suppose -3*p = 6*c - 11*c - 1007, 1335 = h*p + c. What is the hundreds digit of p?
3
Suppose -4*k = -l - 6612 - 4827, 2*k - 5703 = -5*l. What is the tens digit of (k/9)/1 - (-12)/9?
1
Let i = 37 + 54. Let v = -218 + 200. Let w = i + v. What is the units digit of w?
3
Let n(z) = z**3 - 5*z**2 + 4*z + 42251. What is the tens digit of n(0)?
5
Suppose -22*u = 3*u - 265429 - 171621. What is the tens digit of u?
8
What is the tens digit of 1 - 9 - ((-2 - 49138) + -16)?
4
Suppose v - 15 = -3*g, -5*v + 5*g = 32 - 7. Let f(d) = 24*d + 15. Let y be f(6). Suppose v = 2*o - 649 + y. What is the units digit of o?
5
Let h(i) = -i**3 - 40*i**2 - 606*i - 93. What is the tens digit of h(-34)?
7
Let g be